 k.
12
Let t(u) = -2*u - 3*u + 4 + 4*u. Let g be t(-6). Let h = g + -6. What is the highest common factor of 4 and h?
4
Let l = 3 - 1. Suppose 0*u - 16 = -u. Calculate the greatest common factor of l and u.
2
Suppose -79 = 3*f - 7*f + s, 2 = 2*s. Suppose -610 = -6*p + 230. Calculate the highest common factor of f and p.
20
Suppose 5 = -2*m + 19. Let j(l) = 5*l**2 - 2*l - 1. Let r be j(-3). Let g = 113 - r. Calculate the greatest common divisor of m and g.
7
Suppose -10 = -4*s + 42. Calculate the highest common factor of s and 52.
13
Let w = 17 - -6. Calculate the highest common factor of 69 and w.
23
Let f = 327 - 147. Let c = 56 - 36. Calculate the greatest common factor of c and f.
20
Suppose -2*a + 2*x + 57 = 5*x, 4*a + 2*x = 118. What is the greatest common factor of 6 and a?
6
Suppose 4*g - 148 - 480 = 0. Let a = g - 85. Suppose 2*u = -t + 34, 3*t + a = 5*u - t. What is the highest common divisor of 40 and u?
8
Suppose 0 = 2*c + c - 30. Let a = -68 + 18. Let b = -20 - a. Calculate the greatest common factor of c and b.
10
Suppose 7 = -2*i + 3*i. Suppose i*l - 32 = 3*l. What is the highest common factor of 4 and l?
4
Suppose -2 - 10 = -3*i. Suppose c = 3*c - i*v - 304, -2*v = -5*c + 760. Calculate the greatest common factor of c and 19.
19
Let u = 103 - 57. What is the greatest common divisor of 23 and u?
23
Suppose -2*i + 5 + 27 = 0. Calculate the highest common divisor of i and 128.
16
Suppose 5*v - 29 = -9. What is the greatest common factor of 16 and v?
4
Suppose c = -1 + 7. Let n(t) = -2*t + 6. Let r be n(5). Let d = c - r. Calculate the greatest common divisor of 30 and d.
10
Let u(i) = -16*i**3 + i + 1. Let g be u(-1). Let o = -77 - -144. Let k be o + (-9)/3 + 0. What is the greatest common factor of g and k?
16
Let j(b) = 2*b**2 + 10*b + 18. Let f be j(-4). What is the greatest common divisor of f and 130?
10
Suppose -25 = 4*b + 5*w, -5*b - w - 2 - 24 = 0. Let f be -5*b/(75/24). What is the highest common factor of f and 2?
2
Suppose 2*s - i - 144 = -3*s, 5*s - 152 = 3*i. Calculate the highest common divisor of 14 and s.
14
Let f be (-6)/(-2) - (-5 + 8). Suppose 3*x - 5*r + 13 = 0, f*x - 2 = -3*x + 2*r. What is the highest common divisor of 8 and x?
4
Let a = 8 - 3. Suppose -a*d + 4 = -6. Suppose -18 = -h - d*h. What is the highest common factor of h and 6?
6
Suppose 0 = 12*t - 722 - 958. Suppose -2*h - 100 = 3*h. Let v be ((-1)/((-1)/h))/(-1). Calculate the greatest common factor of v and t.
20
Let s be 15/(-1*(-6)/4). Suppose -3*d = 53 + 13. Let r = -18 - d. Calculate the greatest common divisor of r and s.
2
Let b(s) = 3*s**2 - 10*s - 2. Let u be b(5). What is the highest common divisor of u and 69?
23
Let y(q) = q**2 - 3*q + 15. Let l be y(0). Calculate the highest common divisor of l and 375.
15
Suppose -29*d + 30*d - 54 = 0. Let y(a) = 6*a**2 - a + 1. Let t be y(1). What is the greatest common divisor of t and d?
6
Let n(b) = 11*b - 1. Let o be n(1). Let i = -2 + 4. Let j be 102/10 + i/(-10). Calculate the greatest common factor of j and o.
10
Suppose 0 = 4*o - 2*g - 204, 0*g + 94 = 2*o - 5*g. What is the greatest common factor of 13 and o?
13
Let w(y) = y**3 - 5*y**2 + y - 8. Let l be w(6). Calculate the greatest common factor of 51 and l.
17
Let f = -18 - -27. Calculate the highest common divisor of 3 and f.
3
Suppose -89 - 16 = 5*r. Let h = r + 26. Calculate the highest common divisor of h and 1.
1
Let u be ((-1)/(-3))/(3/3123). Suppose 94 - u = -s. Suppose 0 = 3*r + 3*w - 183, s = 4*r + 4*w - 3*w. What is the greatest common divisor of 16 and r?
16
Let d be (6/(-12))/((-1)/6). Suppose -2*j - 3 = -d*j. Calculate the greatest common divisor of j and 1.
1
Let k(j) = -j**3 + 4*j**2 + 7*j - 2. Let p be k(5). What is the greatest common factor of 56 and p?
8
Let f(c) = 2*c + 5. Let g be f(-4). Let r be -2 - -1 - (g - 13). Let o be (-30)/(2 + (-5)/2). Calculate the greatest common divisor of r and o.
15
Suppose 603 + 684 = 3*r. Let v be r/9 - 2/(-6). What is the greatest common factor of v and 6?
6
Let j(d) = d - 7. Let f be j(7). Suppose f = 3*i - 5*w - 4, 2 + 3 = i + 2*w. Suppose 3*a - 27 = 2*a. What is the highest common divisor of a and i?
3
Suppose -5*a + 91 = 4*u - 8*u, 0 = 4*a + 3*u - 48. Calculate the highest common factor of 75 and a.
15
Let h(x) = 2*x**2 - 2*x - 4. Let u be h(-4). Let v = -16 + u. What is the highest common divisor of v and 4?
4
Let r = 99 - 83. What is the greatest common factor of r and 96?
16
Let u = -97 + 121. What is the greatest common divisor of u and 132?
12
Suppose -4*l + g - 42 = 0, -3*l - g - 24 = -l. Let d = -3 - l. Calculate the highest common divisor of d and 2.
2
Let a be -20 + (-1)/(-2)*-6. Let h = -9 - a. Calculate the greatest common factor of 154 and h.
14
Let i = 102 - 71. Suppose -v = 4*s - i, -v - 2*s + 12 = -23. Calculate the highest common divisor of 26 and v.
13
Let r(a) = a**2 - 7. Suppose 4*v - v - 15 = 0, -3*f + 4*v = 44. Let o be r(f). Calculate the greatest common divisor of 38 and o.
19
Suppose 0 = -f + 8 + 5. Suppose -y = 3, j + y + 79 = 2*j. Suppose 184 = 5*b - j. What is the highest common divisor of f and b?
13
Let o(j) = 6*j + 4. Let r be o(2). Let c be (1 - -2) + r + -1. What is the highest common divisor of 144 and c?
18
Let j(f) = f**3 - 6*f**2 - 12*f + 7. Let t be j(8). Let p be 2 + 0 + (-11)/(-1). Calculate the highest common factor of p and t.
13
Let n(g) = g**2 + 4*g - 7. Let b be n(-6). Suppose -42 - 283 = -b*v. Let x be 130/15*(-3)/(-2). Calculate the highest common divisor of v and x.
13
Suppose z = r + 25, 4*r = 8 - 0. Calculate the highest common divisor of 3 and z.
3
Suppose 0*h - 5*h = -q + 17, 0 = -5*q - h + 215. What is the highest common divisor of q and 21?
21
Let w be 6/(1/(-1))*(-3 - 6). Calculate the highest common factor of w and 6.
6
Let n(c) = 11*c - 25. Let g be n(7). What is the greatest common factor of g and 130?
26
Let f = -55 - -127. Calculate the greatest common divisor of f and 24.
24
Let l = -3 - -6. Suppose 5*k = l*k + 140. Calculate the greatest common factor of 7 and k.
7
Let o(k) = k**3 - 5*k**2 - 11*k + 15. Let q be o(7). Suppose 0 = -3*d + 5*v + 44, -v = 3*d + 2*v - q. Calculate the greatest common divisor of 52 and d.
13
Let o be (2/2)/((-2)/(-14)). Let f be (5 + -236)*(-2)/6. Calculate the greatest common divisor of o and f.
7
Suppose -6 = -2*f, 3*w - 19 = w - 5*f. Suppose 0*b + b - 25 = 5*m, w*b = -3*m + 89. What is the highest common divisor of b and 100?
20
Let m = -6 - -6. Suppose -y - 40 = -2*h - 2*y, m = y - 4. What is the greatest common factor of 2 and h?
2
Let z = -16 - -146. What is the greatest common factor of 26 and z?
26
Let g = 277 + -267. Let p = -1 + 3. What is the greatest common factor of g and p?
2
Let r be (-1)/(-1) - (-1)/1. Let z(x) = 4*x - 1 - x**r - x - 2*x**3 + 3. Let t be z(-2). What is the greatest common factor of 2 and t?
2
Let j = 95 + -60. Suppose 55 = 3*g + 13. Calculate the highest common divisor of j and g.
7
Let a = -93 + 126. Let q = 3 + 8. What is the greatest common divisor of q and a?
11
Let b(v) = -v**3 + 5*v**2 - v + 5. Let x be b(5). Suppose -3*o + 4 + 44 = x. Let t = 4 + o. What is the highest common factor of t and 2?
2
Let o be 2/5 + (-2508)/(-30). Let l be -6*((-3 - -2) + -1). What is the greatest common factor of l and o?
12
Suppose -19 = -5*g + 4*g. Let k = g - 11. Let u be (-40 + k)*22/(-8). What is the greatest common divisor of 8 and u?
8
Let x(i) be the second derivative of 1/6*i**3 + 5*i**2 + i + 0 + 1/12*i**4. Let g be x(0). What is the greatest common factor of g and 10?
10
Suppose 5*j - 4*j = 204. Let s = j - 99. Calculate the greatest common divisor of 21 and s.
21
Let y(c) = c**3 - 5*c**2 - c + 2. Let i be y(5). Let h be 9*(i + (-12)/(-3)). What is the highest common factor of h and 72?
9
Suppose 0 = -n + 17 + 15. Calculate the greatest common factor of n and 48.
16
Let z(x) be the third derivative of -x**4/24 - x**3/6 - x**2. Let k be z(-1). Suppose k = -h + 4 + 17. What is the highest common factor of 14 and h?
7
Let f(i) = 36*i + 20. Let h be f(7). What is the highest common factor of h and 34?
34
Let i(k) = -k - 1. Let r(q) = 4*q + 4. Let z(v) = -22*i(v) - 6*r(v). Let j be z(-2). Suppose -j*h + 84 = 2*h. Calculate the greatest common divisor of h and 14.
7
Sup